{"id":42,"date":"2018-02-02T09:50:57","date_gmt":"2018-02-02T09:50:57","guid":{"rendered":"http:\/\/web.praxis-halama.de\/?page_id=42"},"modified":"2025-01-29T10:09:37","modified_gmt":"2025-01-29T09:09:37","slug":"praxis","status":"publish","type":"page","link":"http:\/\/web.praxis-halama.de\/","title":{"rendered":"Praxis"},"content":{"rendered":"<p style=\"text-align: center;\">Herzlich willkommen in meiner internistischen Praxis. Informieren Sie sich \u00fcber mich und mein Team und vereinbaren Sie einen Termin. Ich freue mich auf Sie,<\/p>\n<p style=\"text-align: center;\">Ihr Ralph Halama<\/p>\n<p><img loading=\"lazy\" decoding=\"async\" class=\"wp-image-272 aligncenter\" src=\"http:\/\/web.praxis-halama.de\/wp-content\/uploads\/2018\/03\/logo_2-300x294.jpg\" alt=\"\" width=\"144\" height=\"141\" srcset=\"http:\/\/web.praxis-halama.de\/wp-content\/uploads\/2018\/03\/logo_2-300x294.jpg 300w, http:\/\/web.praxis-halama.de\/wp-content\/uploads\/2018\/03\/logo_2-768x752.jpg 768w, http:\/\/web.praxis-halama.de\/wp-content\/uploads\/2018\/03\/logo_2-1024x1003.jpg 1024w, http:\/\/web.praxis-halama.de\/wp-content\/uploads\/2018\/03\/logo_2-276x270.jpg 276w, http:\/\/web.praxis-halama.de\/wp-content\/uploads\/2018\/03\/logo_2.jpg 1181w\" sizes=\"auto, (max-width: 144px) 100vw, 144px\" \/><\/p>\n<hr \/>\n<h2><\/h2>\n<h2 style=\"text-align: center;\">Das Praxiskonzept<\/h2>\n<p><img loading=\"lazy\" decoding=\"async\" class=\"wp-image-208 aligncenter\" src=\"http:\/\/web.praxis-halama.de\/wp-content\/uploads\/2018\/02\/people-2589743_1920-300x168.jpg\" alt=\"\" width=\"411\" height=\"230\" srcset=\"http:\/\/web.praxis-halama.de\/wp-content\/uploads\/2018\/02\/people-2589743_1920-300x168.jpg 300w, http:\/\/web.praxis-halama.de\/wp-content\/uploads\/2018\/02\/people-2589743_1920-768x431.jpg 768w, http:\/\/web.praxis-halama.de\/wp-content\/uploads\/2018\/02\/people-2589743_1920-1024x575.jpg 1024w, http:\/\/web.praxis-halama.de\/wp-content\/uploads\/2018\/02\/people-2589743_1920-481x270.jpg 481w, http:\/\/web.praxis-halama.de\/wp-content\/uploads\/2018\/02\/people-2589743_1920.jpg 1920w\" sizes=\"auto, (max-width: 411px) 100vw, 411px\" \/><\/p>\n<p style=\"text-align: center;\">IM MITTELPUNKT STEHT DER MENSCH<\/p>\n<p style=\"text-align: left;\">Daher nehme ich mir Zeit f\u00fcr SIE und Ihr Anliegen. In meiner Praxis im M\u00fcnchner Osten steht die Innere Medizin und die Klassische Hom\u00f6opathie nach Hahnemann im Vordergrund. Neben Herz-Kreislauf-Erkrankungen ist mir die naturheilkundliche Unterst\u00fctzung der schulmedizinischen Therapien wichtig.<\/p>\n","protected":false},"excerpt":{"rendered":"<p>Herzlich willkommen in meiner internistischen Praxis. Informieren Sie sich \u00fcber mich und mein Team und vereinbaren Sie einen Termin. Ich freue mich auf Sie, Ihr Ralph Halama Das Praxiskonzept IM MITTELPUNKT STEHT DER MENSCH Daher nehme ich mir Zeit f\u00fcr SIE und Ihr Anliegen. In meiner Praxis im M\u00fcnchner Osten steht die Innere Medizin und die Klassische Hom\u00f6opathie nach Hahnemann im Vordergrund. Neben Herz-Kreislauf-Erkrankungen ist mir die naturheilkundliche Unterst\u00fctzung der schulmedizinischen Therapien wichtig.<\/p>\n","protected":false},"author":1,"featured_media":0,"parent":0,"menu_order":0,"comment_status":"closed","ping_status":"closed","template":"","meta":{"footnotes":""},"class_list":["post-42","page","type-page","status-publish","hentry"],"_links":{"self":[{"href":"http:\/\/web.praxis-halama.de\/index.php?rest_route=\/wp\/v2\/pages\/42","targetHints":{"allow":["GET"]}}],"collection":[{"href":"http:\/\/web.praxis-halama.de\/index.php?rest_route=\/wp\/v2\/pages"}],"about":[{"href":"http:\/\/web.praxis-halama.de\/index.php?rest_route=\/wp\/v2\/types\/page"}],"author":[{"embeddable":true,"href":"http:\/\/web.praxis-halama.de\/index.php?rest_route=\/wp\/v2\/users\/1"}],"replies":[{"embeddable":true,"href":"http:\/\/web.praxis-halama.de\/index.php?rest_route=%2Fwp%2Fv2%2Fcomments&post=42"}],"version-history":[{"count":42,"href":"http:\/\/web.praxis-halama.de\/index.php?rest_route=\/wp\/v2\/pages\/42\/revisions"}],"predecessor-version":[{"id":329,"href":"http:\/\/web.praxis-halama.de\/index.php?rest_route=\/wp\/v2\/pages\/42\/revisions\/329"}],"wp:attachment":[{"href":"http:\/\/web.praxis-halama.de\/index.php?rest_route=%2Fwp%2Fv2%2Fmedia&parent=42"}],"curies":[{"name":"wp","href":"https:\/\/api.w.org\/{rel}","templated":true}]}}

<p style="text-align: center;">Herzlich willkommen in meiner internistischen Praxis. Informieren Sie sich über mich und mein Team und vereinbaren Sie einen Termin. Ich freue mich auf Sie,</p>
<p style="text-align: center;">Ihr Ralph Halama</p>
<p><img loading="lazy" decoding="async" class="wp-image-272 aligncenter" src="http://web.praxis-halama.de/wp-content/uploads/2018/03/logo_2-300x294.jpg" alt="" width="144" height="141" srcset="http://web.praxis-halama.de/wp-content/uploads/2018/03/logo_2-300x294.jpg 300w, http://web.praxis-halama.de/wp-content/uploads/2018/03/logo_2-768x752.jpg 768w, http://web.praxis-halama.de/wp-content/uploads/2018/03/logo_2-1024x1003.jpg 1024w, http://web.praxis-halama.de/wp-content/uploads/2018/03/logo_2-276x270.jpg 276w, http://web.praxis-halama.de/wp-content/uploads/2018/03/logo_2.jpg 1181w" sizes="auto, (max-width: 144px) 100vw, 144px" /></p>
<hr />
<h2></h2>
<h2 style="text-align: center;">Das Praxiskonzept</h2>
<p><img loading="lazy" decoding="async" class="wp-image-208 aligncenter" src="http://web.praxis-halama.de/wp-content/uploads/2018/02/people-2589743_1920-300x168.jpg" alt="" width="411" height="230" srcset="http://web.praxis-halama.de/wp-content/uploads/2018/02/people-2589743_1920-300x168.jpg 300w, http://web.praxis-halama.de/wp-content/uploads/2018/02/people-2589743_1920-768x431.jpg 768w, http://web.praxis-halama.de/wp-content/uploads/2018/02/people-2589743_1920-1024x575.jpg 1024w, http://web.praxis-halama.de/wp-content/uploads/2018/02/people-2589743_1920-481x270.jpg 481w, http://web.praxis-halama.de/wp-content/uploads/2018/02/people-2589743_1920.jpg 1920w" sizes="auto, (max-width: 411px) 100vw, 411px" /></p>
<p style="text-align: center;">IM MITTELPUNKT STEHT DER MENSCH</p>
<p style="text-align: left;">Daher nehme ich mir Zeit für SIE und Ihr Anliegen. In meiner Praxis im Münchner Osten steht die Innere Medizin und die Klassische Homöopathie nach Hahnemann im Vordergrund. Neben Herz-Kreislauf-Erkrankungen ist mir die naturheilkundliche Unterstützung der schulmedizinischen Therapien wichtig.</p>

<p>Herzlich willkommen in meiner internistischen Praxis. Informieren Sie sich über mich und mein Team und vereinbaren Sie einen Termin. Ich freue mich auf Sie, Ihr Ralph Halama Das Praxiskonzept IM MITTELPUNKT STEHT DER MENSCH Daher nehme ich mir Zeit für SIE und Ihr Anliegen. In meiner Praxis im Münchner Osten steht die Innere Medizin und die Klassische Homöopathie nach Hahnemann im Vordergrund. Neben Herz-Kreislauf-Erkrankungen ist mir die naturheilkundliche Unterstützung der schulmedizinischen Therapien wichtig.</p>
